{"id":8371,"date":"2022-04-20T09:12:38","date_gmt":"2022-04-20T09:12:38","guid":{"rendered":"https:\/\/archicon.qodeinteractive.com\/?page_id=8371"},"modified":"2023-06-21T15:12:31","modified_gmt":"2023-06-21T13:12:31","slug":"interactive-links","status":"publish","type":"page","link":"http:\/\/beetofka.sk\/?page_id=8371","title":{"rendered":"Interactive links"},"content":{"rendered":"\t\t<div data-elementor-type=\"wp-page\" data-elementor-id=\"8371\" class=\"elementor elementor-8371\">\n\t\t\t\t\t\t\t\t\t<section class=\"elementor-section elementor-top-section elementor-element elementor-element-eef4d1b elementor-section-boxed elementor-section-height-default elementor-section-height-default qodef-elementor-content-no\" data-id=\"eef4d1b\" data-element_type=\"section\">\n\t\t\t\t\t\t<div class=\"elementor-container elementor-column-gap-default\">\n\t\t\t\t\t<div class=\"elementor-column elementor-col-100 elementor-top-column elementor-element elementor-element-f512d2e\" data-id=\"f512d2e\" data-element_type=\"column\">\n\t\t\t<div class=\"elementor-widget-wrap elementor-element-populated\">\n\t\t\t\t\t\t\t\t<div class=\"elementor-element elementor-element-1d5f031 elementor-widget elementor-widget-heading\" data-id=\"1d5f031\" data-element_type=\"widget\" data-widget_type=\"heading.default\">\n\t\t\t\t<div class=\"elementor-widget-container\">\n\t\t\t<style>\/*! elementor - v3.12.1 - 02-04-2023 *\/\n.elementor-heading-title{padding:0;margin:0;line-height:1}.elementor-widget-heading .elementor-heading-title[class*=elementor-size-]>a{color:inherit;font-size:inherit;line-height:inherit}.elementor-widget-heading .elementor-heading-title.elementor-size-small{font-size:15px}.elementor-widget-heading .elementor-heading-title.elementor-size-medium{font-size:19px}.elementor-widget-heading .elementor-heading-title.elementor-size-large{font-size:29px}.elementor-widget-heading .elementor-heading-title.elementor-size-xl{font-size:39px}.elementor-widget-heading .elementor-heading-title.elementor-size-xxl{font-size:59px}<\/style><h2 class=\"elementor-heading-title elementor-size-default\">DOMY<\/h2>\t\t<\/div>\n\t\t\t\t<\/div>\n\t\t\t\t\t<\/div>\n\t\t<\/div>\n\t\t\t\t\t\t\t<\/div>\n\t\t<\/section>\n\t\t\t\t<section class=\"elementor-section elementor-top-section elementor-element elementor-element-91a59ae elementor-section-boxed elementor-section-height-default elementor-section-height-default qodef-elementor-content-no\" data-id=\"91a59ae\" data-element_type=\"section\">\n\t\t\t\t\t\t<div class=\"elementor-container elementor-column-gap-default\">\n\t\t\t\t\t<div class=\"elementor-column elementor-col-25 elementor-top-column elementor-element elementor-element-e38662d\" data-id=\"e38662d\" data-element_type=\"column\">\n\t\t\t<div class=\"elementor-widget-wrap elementor-element-populated\">\n\t\t\t\t\t\t\t\t<div class=\"elementor-element elementor-element-49db13a elementor-widget elementor-widget-image\" data-id=\"49db13a\" data-element_type=\"widget\" data-widget_type=\"image.default\">\n\t\t\t\t<div class=\"elementor-widget-container\">\n\t\t\t<style>\/*! elementor - v3.12.1 - 02-04-2023 *\/\n.elementor-widget-image{text-align:center}.elementor-widget-image a{display:inline-block}.elementor-widget-image a img[src$=\".svg\"]{width:48px}.elementor-widget-image img{vertical-align:middle;display:inline-block}<\/style>\t\t\t\t\t\t\t\t\t<figure class=\"wp-caption\">\n\t\t\t\t\t\t\t\t\t\t\t<a href=\"http:\/\/beetofka.sk\/?portfolio-item=vrabciari\">\n\t\t\t\t\t\t\t<img decoding=\"async\" width=\"768\" height=\"432\" src=\"http:\/\/beetofka.sk\/wp-content\/uploads\/2023\/04\/18_18_18-768x432.jpg\" class=\"elementor-animation-bob attachment-medium_large size-medium_large wp-image-14179\" alt=\"\" loading=\"lazy\" srcset=\"http:\/\/beetofka.sk\/wp-content\/uploads\/2023\/04\/18_18_18-768x432.jpg 768w, http:\/\/beetofka.sk\/wp-content\/uploads\/2023\/04\/18_18_18-e1687342127977-300x169.jpg 300w, http:\/\/beetofka.sk\/wp-content\/uploads\/2023\/04\/18_18_18-e1687342127977.jpg 420w\" sizes=\"(max-width: 768px) 100vw, 768px\" \/>\t\t\t\t\t\t\t\t<\/a>\n\t\t\t\t\t\t\t\t\t\t\t<figcaption class=\"widget-image-caption wp-caption-text\">Z\u00e1stavba rodinn\u00fdch domov<\/figcaption>\n\t\t\t\t\t\t\t\t\t\t<\/figure>\n\t\t\t\t\t\t\t\t\t<\/div>\n\t\t\t\t<\/div>\n\t\t\t\t<div class=\"elementor-element elementor-element-d142e45 elementor-widget elementor-widget-heading\" data-id=\"d142e45\" data-element_type=\"widget\" data-widget_type=\"heading.default\">\n\t\t\t\t<div class=\"elementor-widget-container\">\n\t\t\t<h2 class=\"elementor-heading-title elementor-size-default\">VRAB\u010cIARI<\/h2>\t\t<\/div>\n\t\t\t\t<\/div>\n\t\t\t\t<div class=\"elementor-element elementor-element-aef2610 elementor-widget elementor-widget-text-editor\" data-id=\"aef2610\" data-element_type=\"widget\" data-widget_type=\"text-editor.default\">\n\t\t\t\t<div class=\"elementor-widget-container\">\n\t\t\t<style>\/*! elementor - v3.12.1 - 02-04-2023 *\/\n.elementor-widget-text-editor.elementor-drop-cap-view-stacked .elementor-drop-cap{background-color:#69727d;color:#fff}.elementor-widget-text-editor.elementor-drop-cap-view-framed .elementor-drop-cap{color:#69727d;border:3px solid;background-color:transparent}.elementor-widget-text-editor:not(.elementor-drop-cap-view-default) .elementor-drop-cap{margin-top:8px}.elementor-widget-text-editor:not(.elementor-drop-cap-view-default) .elementor-drop-cap-letter{width:1em;height:1em}.elementor-widget-text-editor .elementor-drop-cap{float:left;text-align:center;line-height:1;font-size:50px}.elementor-widget-text-editor .elementor-drop-cap-letter{display:inline-block}<\/style>\t\t\t\t\t\t\t\t\t\t<\/div>\n\t\t\t\t<\/div>\n\t\t\t\t\t<\/div>\n\t\t<\/div>\n\t\t\t\t<div class=\"elementor-column elementor-col-25 elementor-top-column elementor-element elementor-element-eda1909\" data-id=\"eda1909\" data-element_type=\"column\">\n\t\t\t<div class=\"elementor-widget-wrap elementor-element-populated\">\n\t\t\t\t\t\t\t\t<div class=\"elementor-element elementor-element-4788b8a elementor-widget elementor-widget-image\" data-id=\"4788b8a\" data-element_type=\"widget\" data-widget_type=\"image.default\">\n\t\t\t\t<div class=\"elementor-widget-container\">\n\t\t\t\t\t\t\t\t\t\t\t\t<figure class=\"wp-caption\">\n\t\t\t\t\t\t\t\t\t\t\t<a href=\"http:\/\/beetofka.sk\/?portfolio-item=rakova\">\n\t\t\t\t\t\t\t<img decoding=\"async\" width=\"500\" height=\"281\" src=\"http:\/\/beetofka.sk\/wp-content\/uploads\/2023\/04\/Dom-1-Cam-terasa-1-e1687343533146.jpg\" class=\"elementor-animation-bob attachment-archicon_core_image_size_square size-archicon_core_image_size_square wp-image-14132\" alt=\"\" loading=\"lazy\" srcset=\"http:\/\/beetofka.sk\/wp-content\/uploads\/2023\/04\/Dom-1-Cam-terasa-1-e1687343533146.jpg 500w, http:\/\/beetofka.sk\/wp-content\/uploads\/2023\/04\/Dom-1-Cam-terasa-1-e1687343533146-300x169.jpg 300w\" sizes=\"(max-width: 500px) 100vw, 500px\" \/>\t\t\t\t\t\t\t\t<\/a>\n\t\t\t\t\t\t\t\t\t\t\t<figcaption class=\"widget-image-caption wp-caption-text\">Rodinn\u00fd dom<\/figcaption>\n\t\t\t\t\t\t\t\t\t\t<\/figure>\n\t\t\t\t\t\t\t\t\t<\/div>\n\t\t\t\t<\/div>\n\t\t\t\t<div class=\"elementor-element elementor-element-a1faca6 elementor-widget elementor-widget-heading\" data-id=\"a1faca6\" data-element_type=\"widget\" data-widget_type=\"heading.default\">\n\t\t\t\t<div class=\"elementor-widget-container\">\n\t\t\t<h2 class=\"elementor-heading-title elementor-size-default\">RD RAKOV\u00c1<\/h2>\t\t<\/div>\n\t\t\t\t<\/div>\n\t\t\t\t\t<\/div>\n\t\t<\/div>\n\t\t\t\t<div class=\"elementor-column elementor-col-25 elementor-top-column elementor-element elementor-element-68eadae\" data-id=\"68eadae\" data-element_type=\"column\">\n\t\t\t<div class=\"elementor-widget-wrap elementor-element-populated\">\n\t\t\t\t\t\t\t\t<div class=\"elementor-element elementor-element-e6c589a elementor-widget elementor-widget-image\" data-id=\"e6c589a\" data-element_type=\"widget\" data-widget_type=\"image.default\">\n\t\t\t\t<div class=\"elementor-widget-container\">\n\t\t\t\t\t\t\t\t\t\t\t\t<figure class=\"wp-caption\">\n\t\t\t\t\t\t\t\t\t\t\t<a href=\"http:\/\/beetofka.sk\/?portfolio-item=novy-dom\">\n\t\t\t\t\t\t\t<img decoding=\"async\" width=\"768\" height=\"432\" src=\"http:\/\/beetofka.sk\/wp-content\/uploads\/2023\/06\/cam-zadna-stredna-DOM2-768x432.jpg\" class=\"elementor-animation-bob attachment-medium_large size-medium_large wp-image-14761\" alt=\"\" loading=\"lazy\" srcset=\"http:\/\/beetofka.sk\/wp-content\/uploads\/2023\/06\/cam-zadna-stredna-DOM2-768x432.jpg 768w, http:\/\/beetofka.sk\/wp-content\/uploads\/2023\/06\/cam-zadna-stredna-DOM2-300x169.jpg 300w, http:\/\/beetofka.sk\/wp-content\/uploads\/2023\/06\/cam-zadna-stredna-DOM2-1024x576.jpg 1024w, http:\/\/beetofka.sk\/wp-content\/uploads\/2023\/06\/cam-zadna-stredna-DOM2-1536x864.jpg 1536w, http:\/\/beetofka.sk\/wp-content\/uploads\/2023\/06\/cam-zadna-stredna-DOM2.jpg 1920w\" sizes=\"(max-width: 768px) 100vw, 768px\" \/>\t\t\t\t\t\t\t\t<\/a>\n\t\t\t\t\t\t\t\t\t\t\t<figcaption class=\"widget-image-caption wp-caption-text\">Rodinn\u00e9 domy<\/figcaption>\n\t\t\t\t\t\t\t\t\t\t<\/figure>\n\t\t\t\t\t\t\t\t\t<\/div>\n\t\t\t\t<\/div>\n\t\t\t\t<div class=\"elementor-element elementor-element-3960290 elementor-widget elementor-widget-heading\" data-id=\"3960290\" data-element_type=\"widget\" data-widget_type=\"heading.default\">\n\t\t\t\t<div class=\"elementor-widget-container\">\n\t\t\t<h2 class=\"elementor-heading-title elementor-size-default\">U + L<\/h2>\t\t<\/div>\n\t\t\t\t<\/div>\n\t\t\t\t\t<\/div>\n\t\t<\/div>\n\t\t\t\t<div class=\"elementor-column elementor-col-25 elementor-top-column elementor-element elementor-element-b522efe\" data-id=\"b522efe\" data-element_type=\"column\">\n\t\t\t<div class=\"elementor-widget-wrap elementor-element-populated\">\n\t\t\t\t\t\t\t\t<div class=\"elementor-element elementor-element-1f28157 elementor-widget elementor-widget-image\" data-id=\"1f28157\" data-element_type=\"widget\" data-widget_type=\"image.default\">\n\t\t\t\t<div class=\"elementor-widget-container\">\n\t\t\t\t\t\t\t\t\t\t\t\t<figure class=\"wp-caption\">\n\t\t\t\t\t\t\t\t\t\t\t<a href=\"http:\/\/beetofka.sk\/?portfolio-item=oskerda\">\n\t\t\t\t\t\t\t<img decoding=\"async\" width=\"500\" height=\"281\" src=\"http:\/\/beetofka.sk\/wp-content\/uploads\/2023\/04\/cam-predna-prava-e1687344642292.jpg\" class=\"elementor-animation-bob attachment-large size-large wp-image-14115\" alt=\"\" loading=\"lazy\" srcset=\"http:\/\/beetofka.sk\/wp-content\/uploads\/2023\/04\/cam-predna-prava-e1687344642292.jpg 500w, http:\/\/beetofka.sk\/wp-content\/uploads\/2023\/04\/cam-predna-prava-e1687344642292-300x169.jpg 300w\" sizes=\"(max-width: 500px) 100vw, 500px\" \/>\t\t\t\t\t\t\t\t<\/a>\n\t\t\t\t\t\t\t\t\t\t\t<figcaption class=\"widget-image-caption wp-caption-text\">Dvoj dom  \/  pripravuje sa<\/figcaption>\n\t\t\t\t\t\t\t\t\t\t<\/figure>\n\t\t\t\t\t\t\t\t\t<\/div>\n\t\t\t\t<\/div>\n\t\t\t\t<div class=\"elementor-element elementor-element-db2911c elementor-widget elementor-widget-heading\" data-id=\"db2911c\" data-element_type=\"widget\" data-widget_type=\"heading.default\">\n\t\t\t\t<div class=\"elementor-widget-container\">\n\t\t\t<h2 class=\"elementor-heading-title elementor-size-default\">O\u0160KERDA<\/h2>\t\t<\/div>\n\t\t\t\t<\/div>\n\t\t\t\t\t<\/div>\n\t\t<\/div>\n\t\t\t\t\t\t\t<\/div>\n\t\t<\/section>\n\t\t\t\t\t\t\t<\/div>\n\t\t","protected":false},"excerpt":{"rendered":"<p>DOMY Z\u00e1stavba rodinn\u00fdch domov VRAB\u010cIARI Rodinn\u00fd dom RD RAKOV\u00c1 Rodinn\u00e9 domy U + L Dvoj dom \/ pripravuje sa O\u0160KERDA<\/p>\n","protected":false},"author":1,"featured_media":0,"parent":6849,"menu_order":0,"comment_status":"closed","ping_status":"closed","template":"page-full-width.php","meta":{"_mi_skip_tracking":false},"yoast_head":"<!-- This site is optimized with the Yoast SEO plugin v20.4 - https:\/\/yoast.com\/wordpress\/plugins\/seo\/ -->\n<title>Interactive links - beetofka.sk<\/title>\n<meta name=\"robots\" content=\"index, follow, max-snippet:-1, max-image-preview:large, max-video-preview:-1\" \/>\n<link rel=\"canonical\" href=\"http:\/\/beetofka.sk\/?page_id=8371\" \/>\n<meta property=\"og:locale\" content=\"sk_SK\" \/>\n<meta property=\"og:type\" content=\"article\" \/>\n<meta property=\"og:title\" content=\"Interactive links - beetofka.sk\" \/>\n<meta property=\"og:description\" content=\"DOMY Z\u00e1stavba rodinn\u00fdch domov VRAB\u010cIARI Rodinn\u00fd dom RD RAKOV\u00c1 Rodinn\u00e9 domy U + L Dvoj dom \/ pripravuje sa O\u0160KERDA\" \/>\n<meta property=\"og:url\" content=\"http:\/\/beetofka.sk\/?page_id=8371\" \/>\n<meta property=\"og:site_name\" content=\"beetofka.sk\" \/>\n<meta property=\"article:modified_time\" content=\"2023-06-21T13:12:31+00:00\" \/>\n<meta property=\"og:image\" content=\"http:\/\/beetofka.sk\/wp-content\/uploads\/2023\/04\/18_18_18-768x432.jpg\" \/>\n<meta name=\"twitter:card\" content=\"summary_large_image\" \/>\n<meta name=\"twitter:label1\" content=\"Predpokladan\u00fd \u010das \u010d\u00edtania\" \/>\n\t<meta name=\"twitter:data1\" content=\"1 min\u00fata\" \/>\n<script type=\"application\/ld+json\" class=\"yoast-schema-graph\">{\"@context\":\"https:\/\/schema.org\",\"@graph\":[{\"@type\":\"WebPage\",\"@id\":\"http:\/\/beetofka.sk\/?page_id=8371\",\"url\":\"http:\/\/beetofka.sk\/?page_id=8371\",\"name\":\"Interactive links - beetofka.sk\",\"isPartOf\":{\"@id\":\"http:\/\/beetofka.sk\/#website\"},\"datePublished\":\"2022-04-20T09:12:38+00:00\",\"dateModified\":\"2023-06-21T13:12:31+00:00\",\"breadcrumb\":{\"@id\":\"http:\/\/beetofka.sk\/?page_id=8371#breadcrumb\"},\"inLanguage\":\"sk-SK\",\"potentialAction\":[{\"@type\":\"ReadAction\",\"target\":[\"http:\/\/beetofka.sk\/?page_id=8371\"]}]},{\"@type\":\"BreadcrumbList\",\"@id\":\"http:\/\/beetofka.sk\/?page_id=8371#breadcrumb\",\"itemListElement\":[{\"@type\":\"ListItem\",\"position\":1,\"name\":\"Home\",\"item\":\"http:\/\/beetofka.sk\/\"},{\"@type\":\"ListItem\",\"position\":2,\"name\":\"Portfolio\",\"item\":\"http:\/\/beetofka.sk\/?page_id=6849\"},{\"@type\":\"ListItem\",\"position\":3,\"name\":\"Interactive links\"}]},{\"@type\":\"WebSite\",\"@id\":\"http:\/\/beetofka.sk\/#website\",\"url\":\"http:\/\/beetofka.sk\/\",\"name\":\"beetofka.sk\",\"description\":\"Domy, byty a inter\u00e9ry\",\"publisher\":{\"@id\":\"http:\/\/beetofka.sk\/#organization\"},\"potentialAction\":[{\"@type\":\"SearchAction\",\"target\":{\"@type\":\"EntryPoint\",\"urlTemplate\":\"http:\/\/beetofka.sk\/?s={search_term_string}\"},\"query-input\":\"required name=search_term_string\"}],\"inLanguage\":\"sk-SK\"},{\"@type\":\"Organization\",\"@id\":\"http:\/\/beetofka.sk\/#organization\",\"name\":\"beetofka.sk\",\"url\":\"http:\/\/beetofka.sk\/\",\"logo\":{\"@type\":\"ImageObject\",\"inLanguage\":\"sk-SK\",\"@id\":\"http:\/\/beetofka.sk\/#\/schema\/logo\/image\/\",\"url\":\"http:\/\/beetofka.sk\/wp-content\/uploads\/2023\/06\/cropped-cropped-logo.png\",\"contentUrl\":\"http:\/\/beetofka.sk\/wp-content\/uploads\/2023\/06\/cropped-cropped-logo.png\",\"width\":720,\"height\":330,\"caption\":\"beetofka.sk\"},\"image\":{\"@id\":\"http:\/\/beetofka.sk\/#\/schema\/logo\/image\/\"}}]}<\/script>\n<!-- \/ Yoast SEO plugin. -->","yoast_head_json":{"title":"Interactive links - beetofka.sk","robots":{"index":"index","follow":"follow","max-snippet":"max-snippet:-1","max-image-preview":"max-image-preview:large","max-video-preview":"max-video-preview:-1"},"canonical":"http:\/\/beetofka.sk\/?page_id=8371","og_locale":"sk_SK","og_type":"article","og_title":"Interactive links - beetofka.sk","og_description":"DOMY Z\u00e1stavba rodinn\u00fdch domov VRAB\u010cIARI Rodinn\u00fd dom RD RAKOV\u00c1 Rodinn\u00e9 domy U + L Dvoj dom \/ pripravuje sa O\u0160KERDA","og_url":"http:\/\/beetofka.sk\/?page_id=8371","og_site_name":"beetofka.sk","article_modified_time":"2023-06-21T13:12:31+00:00","og_image":[{"url":"http:\/\/beetofka.sk\/wp-content\/uploads\/2023\/04\/18_18_18-768x432.jpg"}],"twitter_card":"summary_large_image","twitter_misc":{"Predpokladan\u00fd \u010das \u010d\u00edtania":"1 min\u00fata"},"schema":{"@context":"https:\/\/schema.org","@graph":[{"@type":"WebPage","@id":"http:\/\/beetofka.sk\/?page_id=8371","url":"http:\/\/beetofka.sk\/?page_id=8371","name":"Interactive links - beetofka.sk","isPartOf":{"@id":"http:\/\/beetofka.sk\/#website"},"datePublished":"2022-04-20T09:12:38+00:00","dateModified":"2023-06-21T13:12:31+00:00","breadcrumb":{"@id":"http:\/\/beetofka.sk\/?page_id=8371#breadcrumb"},"inLanguage":"sk-SK","potentialAction":[{"@type":"ReadAction","target":["http:\/\/beetofka.sk\/?page_id=8371"]}]},{"@type":"BreadcrumbList","@id":"http:\/\/beetofka.sk\/?page_id=8371#breadcrumb","itemListElement":[{"@type":"ListItem","position":1,"name":"Home","item":"http:\/\/beetofka.sk\/"},{"@type":"ListItem","position":2,"name":"Portfolio","item":"http:\/\/beetofka.sk\/?page_id=6849"},{"@type":"ListItem","position":3,"name":"Interactive links"}]},{"@type":"WebSite","@id":"http:\/\/beetofka.sk\/#website","url":"http:\/\/beetofka.sk\/","name":"beetofka.sk","description":"Domy, byty a inter\u00e9ry","publisher":{"@id":"http:\/\/beetofka.sk\/#organization"},"potentialAction":[{"@type":"SearchAction","target":{"@type":"EntryPoint","urlTemplate":"http:\/\/beetofka.sk\/?s={search_term_string}"},"query-input":"required name=search_term_string"}],"inLanguage":"sk-SK"},{"@type":"Organization","@id":"http:\/\/beetofka.sk\/#organization","name":"beetofka.sk","url":"http:\/\/beetofka.sk\/","logo":{"@type":"ImageObject","inLanguage":"sk-SK","@id":"http:\/\/beetofka.sk\/#\/schema\/logo\/image\/","url":"http:\/\/beetofka.sk\/wp-content\/uploads\/2023\/06\/cropped-cropped-logo.png","contentUrl":"http:\/\/beetofka.sk\/wp-content\/uploads\/2023\/06\/cropped-cropped-logo.png","width":720,"height":330,"caption":"beetofka.sk"},"image":{"@id":"http:\/\/beetofka.sk\/#\/schema\/logo\/image\/"}}]}},"_links":{"self":[{"href":"http:\/\/beetofka.sk\/index.php?rest_route=\/wp\/v2\/pages\/8371"}],"collection":[{"href":"http:\/\/beetofka.sk\/index.php?rest_route=\/wp\/v2\/pages"}],"about":[{"href":"http:\/\/beetofka.sk\/index.php?rest_route=\/wp\/v2\/types\/page"}],"author":[{"embeddable":true,"href":"http:\/\/beetofka.sk\/index.php?rest_route=\/wp\/v2\/users\/1"}],"replies":[{"embeddable":true,"href":"http:\/\/beetofka.sk\/index.php?rest_route=%2Fwp%2Fv2%2Fcomments&post=8371"}],"version-history":[{"count":6,"href":"http:\/\/beetofka.sk\/index.php?rest_route=\/wp\/v2\/pages\/8371\/revisions"}],"predecessor-version":[{"id":14993,"href":"http:\/\/beetofka.sk\/index.php?rest_route=\/wp\/v2\/pages\/8371\/revisions\/14993"}],"up":[{"embeddable":true,"href":"http:\/\/beetofka.sk\/index.php?rest_route=\/wp\/v2\/pages\/6849"}],"wp:attachment":[{"href":"http:\/\/beetofka.sk\/index.php?rest_route=%2Fwp%2Fv2%2Fmedia&parent=8371"}],"curies":[{"name":"wp","href":"https:\/\/api.w.org\/{rel}","templated":true}]}}